{"id":82,"date":"2014-11-03T13:12:31","date_gmt":"2014-11-03T11:12:31","guid":{"rendered":"https:\/\/123.familienzentrum-hochschulviertel.de\/?page_id=82"},"modified":"2025-05-23T08:14:47","modified_gmt":"2025-05-23T07:14:47","slug":"kontakt","status":"publish","type":"page","link":"https:\/\/123.familienzentrum-hochschulviertel.de\/?page_id=82","title":{"rendered":"Kontakt"},"content":{"rendered":"\n<div class=\"wp-block-columns is-layout-flex wp-container-core-columns-is-layout-9d6595d7 wp-block-columns-is-layout-flex\">\n<div class=\"wp-block-column is-layout-flow wp-block-column-is-layout-flow\">\n<figure class=\"wp-block-image size-full\"><a href=\"http:\/\/123.familienzentrum-hochschulviertel.de\/wp-content\/uploads\/2025\/05\/kinderoase-logo.png\"><img loading=\"lazy\" decoding=\"async\" width=\"310\" height=\"310\" src=\"http:\/\/123.familienzentrum-hochschulviertel.de\/wp-content\/uploads\/2025\/05\/kinderoase-logo.png\" alt=\"\" class=\"wp-image-272\" srcset=\"https:\/\/123.familienzentrum-hochschulviertel.de\/wp-content\/uploads\/2025\/05\/kinderoase-logo.png 310w, https:\/\/123.familienzentrum-hochschulviertel.de\/wp-content\/uploads\/2025\/05\/kinderoase-logo-300x300.png 300w, https:\/\/123.familienzentrum-hochschulviertel.de\/wp-content\/uploads\/2025\/05\/kinderoase-logo-150x150.png 150w\" sizes=\"auto, (max-width: 310px) 100vw, 310px\" \/><\/a><\/figure>\n\n\n\n<p style=\"font-size:16px\"><strong>Kinderoase<\/strong> <strong>Tondernstra\u00dfe<\/strong><\/p>\n\n\n\n<p style=\"font-size:16px\">Tondernstra\u00dfe 24<\/p>\n\n\n\n<p style=\"font-size:16px\">58093 Hagen<\/p>\n\n\n\n<p style=\"font-size:16px\">Fon: 02331\/207 4830<\/p>\n\n\n\n<p style=\"font-size:16px\">Fax:&nbsp;02331\/207 4839<\/p>\n\n\n\n<p style=\"font-size:16px\"><a href=\"mailto:kinderoase-tondernstr@stadt-hagen.de\">E-mail<\/a> <\/p>\n\n\n\n<p style=\"font-size:16px\"><a href=\"https:\/\/www.hagen.de\/web\/de\/fachbereiche\/fb_kitas\/fb_kitas_03\/fb_kitas_tondernstr\/kita_tondernstr-01.html\">Webseite<\/a><\/p>\n\n\n\n<p style=\"font-size:16px\">Ansprechpartnerin:<\/p>\n\n\n\n<p style=\"font-size:16px\">Ulrike Scholz<\/p>\n\n\n\n<p style=\"font-size:16px\">\u00d6ffnungszeiten:<\/p>\n\n\n\n<p style=\"font-size:16px\">Mo bis Fr: 7:00 bis 16:00<\/p>\n<\/div>\n\n\n\n<div class=\"wp-block-column is-layout-flow wp-block-column-is-layout-flow\">\n<figure class=\"wp-block-image size-full\"><a href=\"http:\/\/123.familienzentrum-hochschulviertel.de\/wp-content\/uploads\/2025\/05\/matthaeusKita310.png\"><img loading=\"lazy\" decoding=\"async\" width=\"310\" height=\"310\" src=\"http:\/\/123.familienzentrum-hochschulviertel.de\/wp-content\/uploads\/2025\/05\/matthaeusKita310.png\" alt=\"\" class=\"wp-image-273\" srcset=\"https:\/\/123.familienzentrum-hochschulviertel.de\/wp-content\/uploads\/2025\/05\/matthaeusKita310.png 310w, https:\/\/123.familienzentrum-hochschulviertel.de\/wp-content\/uploads\/2025\/05\/matthaeusKita310-300x300.png 300w, https:\/\/123.familienzentrum-hochschulviertel.de\/wp-content\/uploads\/2025\/05\/matthaeusKita310-150x150.png 150w\" sizes=\"auto, (max-width: 310px) 100vw, 310px\" \/><\/a><\/figure>\n\n\n\n<p style=\"font-size:16px\"><strong>Bewegungs<\/strong>&#8211; <strong>Kindertagesst\u00e4tte<\/strong>&#8211;<\/p>\n\n\n\n<p style=\"font-size:16px\"><strong>Matth\u00e4us<\/strong><\/p>\n\n\n\n<p style=\"font-size:16px\">L\u00fctzowstrasse 118<\/p>\n\n\n\n<p style=\"font-size:16px\">58095 Hagen<\/p>\n\n\n\n<p style=\"font-size:16px\">Fon: 02331\/85256<\/p>\n\n\n\n<p style=\"font-size:16px\">Fax: 02331\/6255940<\/p>\n\n\n\n<p style=\"font-size:16px\"><a href=\"mailto:kita.matthaeus@ev-kindergartengemeinschaft.de\">E-mail<\/a><\/p>\n\n\n\n<p style=\"font-size:16px\"><a href=\"https:\/\/matthaeus-hagen.de\/kindertagesstaette\/\">Webseite<\/a><\/p>\n\n\n\n<p style=\"font-size:16px\">Ansprechpartnerin:<\/p>\n\n\n\n<p style=\"font-size:16px\">Katja Dahlb\u00fcdding<\/p>\n\n\n\n<p style=\"font-size:16px\">\u00d6ffnungszeiten: <\/p>\n\n\n\n<p style=\"font-size:16px\">Mo-Fr: 7:15 bis 16:15<\/p>\n<\/div>\n\n\n\n<div class=\"wp-block-column is-layout-flow wp-block-column-is-layout-flow\">\n<figure class=\"wp-block-image size-full\"><a href=\"http:\/\/123.familienzentrum-hochschulviertel.de\/wp-content\/uploads\/2025\/05\/oekumenischerKita-logo.png\"><img loading=\"lazy\" decoding=\"async\" width=\"310\" height=\"310\" src=\"http:\/\/123.familienzentrum-hochschulviertel.de\/wp-content\/uploads\/2025\/05\/oekumenischerKita-logo.png\" alt=\"\" class=\"wp-image-274\" srcset=\"https:\/\/123.familienzentrum-hochschulviertel.de\/wp-content\/uploads\/2025\/05\/oekumenischerKita-logo.png 310w, https:\/\/123.familienzentrum-hochschulviertel.de\/wp-content\/uploads\/2025\/05\/oekumenischerKita-logo-300x300.png 300w, https:\/\/123.familienzentrum-hochschulviertel.de\/wp-content\/uploads\/2025\/05\/oekumenischerKita-logo-150x150.png 150w\" sizes=\"auto, (max-width: 310px) 100vw, 310px\" \/><\/a><\/figure>\n\n\n\n<p style=\"font-size:16px\"><strong>\u00d6kum.Kindertagesst\u00e4tte<\/strong><\/p>\n\n\n\n<p style=\"font-size:16px\"><strong>Haldener Kirchenm\u00e4use<\/strong><\/p>\n\n\n\n<p style=\"font-size:16px\">D\u00fcmpelstra\u00dfe 8<\/p>\n\n\n\n<p style=\"font-size:16px\">58093 Hagen<\/p>\n\n\n\n<p style=\"font-size:16px\">Fon: 02331\/52916<\/p>\n\n\n\n<p style=\"font-size:16px\">Fax: 02331\/<\/p>\n\n\n\n<p style=\"font-size:16px\"><a href=\"mailto:haldenerkirchenmaeuse@lydia-hagen.de\">E-mail<\/a><\/p>\n\n\n\n<p style=\"font-size:16px\"><a href=\"https:\/\/www.lydia-hagen.de\/kindertageseinrichtungen-1\/haldener-kirchenmaeuse\">Webseite<\/a><\/p>\n\n\n\n<p style=\"font-size:16px\">Ansprechpartnerin:<\/p>\n\n\n\n<p style=\"font-size:16px\">Kira Schellhorn<\/p>\n\n\n\n<p style=\"font-size:16px\">\u00d6ffnungszeiten:<\/p>\n\n\n\n<p style=\"font-size:16px\">Mo bis Fr: 7:00 bis 16:00<\/p>\n<\/div>\n<\/div>\n\n\n\n<p><\/p>\n","protected":false},"excerpt":{"rendered":"<p>Kinderoase Tondernstra\u00dfe Tondernstra\u00dfe 24 58093 Hagen Fon: 02331\/207 4830 Fax:&nbsp;02331\/207 4839 E-mail Webseite Ansprechpartnerin: Ulrike Scholz \u00d6ffnungszeiten: Mo bis Fr: 7:00 bis 16:00 Bewegungs&#8211; Kindertagesst\u00e4tte&#8211; Matth\u00e4us L\u00fctzowstrasse 118 58095 Hagen Fon: 02331\/85256 Fax: 02331\/6255940 E-mail Webseite Ansprechpartnerin: Katja Dahlb\u00fcdding \u00d6ffnungszeiten: Mo-Fr: 7:15 bis 16:15 \u00d6kum.Kindertagesst\u00e4tte Haldener Kirchenm\u00e4use D\u00fcmpelstra\u00dfe 8 58093 Hagen Fon: 02331\/52916 Fax: 02331\/ [&hellip;]<\/p>\n","protected":false},"author":1,"featured_media":0,"parent":0,"menu_order":0,"comment_status":"closed","ping_status":"closed","template":"","meta":{"footnotes":""},"class_list":["post-82","page","type-page","status-publish","hentry"],"_links":{"self":[{"href":"https:\/\/123.familienzentrum-hochschulviertel.de\/index.php?rest_route=\/wp\/v2\/pages\/82","targetHints":{"allow":["GET"]}}],"collection":[{"href":"https:\/\/123.familienzentrum-hochschulviertel.de\/index.php?rest_route=\/wp\/v2\/pages"}],"about":[{"href":"https:\/\/123.familienzentrum-hochschulviertel.de\/index.php?rest_route=\/wp\/v2\/types\/page"}],"author":[{"embeddable":true,"href":"https:\/\/123.familienzentrum-hochschulviertel.de\/index.php?rest_route=\/wp\/v2\/users\/1"}],"replies":[{"embeddable":true,"href":"https:\/\/123.familienzentrum-hochschulviertel.de\/index.php?rest_route=%2Fwp%2Fv2%2Fcomments&post=82"}],"version-history":[{"count":53,"href":"https:\/\/123.familienzentrum-hochschulviertel.de\/index.php?rest_route=\/wp\/v2\/pages\/82\/revisions"}],"predecessor-version":[{"id":305,"href":"https:\/\/123.familienzentrum-hochschulviertel.de\/index.php?rest_route=\/wp\/v2\/pages\/82\/revisions\/305"}],"wp:attachment":[{"href":"https:\/\/123.familienzentrum-hochschulviertel.de\/index.php?rest_route=%2Fwp%2Fv2%2Fmedia&parent=82"}],"curies":[{"name":"wp","href":"https:\/\/api.w.org\/{rel}","templated":true}]}}

<div class="wp-block-columns is-layout-flex wp-container-core-columns-is-layout-9d6595d7 wp-block-columns-is-layout-flex">
<div class="wp-block-column is-layout-flow wp-block-column-is-layout-flow">
<figure class="wp-block-image size-full"><a href="http://123.familienzentrum-hochschulviertel.de/wp-content/uploads/2025/05/kinderoase-logo.png"><img loading="lazy" decoding="async" width="310" height="310" src="http://123.familienzentrum-hochschulviertel.de/wp-content/uploads/2025/05/kinderoase-logo.png" alt="" class="wp-image-272" srcset="https://123.familienzentrum-hochschulviertel.de/wp-content/uploads/2025/05/kinderoase-logo.png 310w, https://123.familienzentrum-hochschulviertel.de/wp-content/uploads/2025/05/kinderoase-logo-300x300.png 300w, https://123.familienzentrum-hochschulviertel.de/wp-content/uploads/2025/05/kinderoase-logo-150x150.png 150w" sizes="auto, (max-width: 310px) 100vw, 310px" /></a></figure>



<p style="font-size:16px"><strong>Kinderoase</strong> <strong>Tondernstraße</strong></p>



<p style="font-size:16px">Tondernstraße 24</p>



<p style="font-size:16px">58093 Hagen</p>



<p style="font-size:16px">Fon: 02331/207 4830</p>



<p style="font-size:16px">Fax:&nbsp;02331/207 4839</p>



<p style="font-size:16px"><a href="mailto:kinderoase-tondernstr@stadt-hagen.de">E-mail</a> </p>



<p style="font-size:16px"><a href="https://www.hagen.de/web/de/fachbereiche/fb_kitas/fb_kitas_03/fb_kitas_tondernstr/kita_tondernstr-01.html">Webseite</a></p>



<p style="font-size:16px">Ansprechpartnerin:</p>



<p style="font-size:16px">Ulrike Scholz</p>



<p style="font-size:16px">Öffnungszeiten:</p>



<p style="font-size:16px">Mo bis Fr: 7:00 bis 16:00</p>
</div>



<div class="wp-block-column is-layout-flow wp-block-column-is-layout-flow">
<figure class="wp-block-image size-full"><a href="http://123.familienzentrum-hochschulviertel.de/wp-content/uploads/2025/05/matthaeusKita310.png"><img loading="lazy" decoding="async" width="310" height="310" src="http://123.familienzentrum-hochschulviertel.de/wp-content/uploads/2025/05/matthaeusKita310.png" alt="" class="wp-image-273" srcset="https://123.familienzentrum-hochschulviertel.de/wp-content/uploads/2025/05/matthaeusKita310.png 310w, https://123.familienzentrum-hochschulviertel.de/wp-content/uploads/2025/05/matthaeusKita310-300x300.png 300w, https://123.familienzentrum-hochschulviertel.de/wp-content/uploads/2025/05/matthaeusKita310-150x150.png 150w" sizes="auto, (max-width: 310px) 100vw, 310px" /></a></figure>



<p style="font-size:16px"><strong>Bewegungs</strong>&#8211; <strong>Kindertagesstätte</strong>&#8211;</p>



<p style="font-size:16px"><strong>Matthäus</strong></p>



<p style="font-size:16px">Lützowstrasse 118</p>



<p style="font-size:16px">58095 Hagen</p>



<p style="font-size:16px">Fon: 02331/85256</p>



<p style="font-size:16px">Fax: 02331/6255940</p>



<p style="font-size:16px"><a href="mailto:kita.matthaeus@ev-kindergartengemeinschaft.de">E-mail</a></p>



<p style="font-size:16px"><a href="https://matthaeus-hagen.de/kindertagesstaette/">Webseite</a></p>



<p style="font-size:16px">Ansprechpartnerin:</p>



<p style="font-size:16px">Katja Dahlbüdding</p>



<p style="font-size:16px">Öffnungszeiten: </p>



<p style="font-size:16px">Mo-Fr: 7:15 bis 16:15</p>
</div>



<div class="wp-block-column is-layout-flow wp-block-column-is-layout-flow">
<figure class="wp-block-image size-full"><a href="http://123.familienzentrum-hochschulviertel.de/wp-content/uploads/2025/05/oekumenischerKita-logo.png"><img loading="lazy" decoding="async" width="310" height="310" src="http://123.familienzentrum-hochschulviertel.de/wp-content/uploads/2025/05/oekumenischerKita-logo.png" alt="" class="wp-image-274" srcset="https://123.familienzentrum-hochschulviertel.de/wp-content/uploads/2025/05/oekumenischerKita-logo.png 310w, https://123.familienzentrum-hochschulviertel.de/wp-content/uploads/2025/05/oekumenischerKita-logo-300x300.png 300w, https://123.familienzentrum-hochschulviertel.de/wp-content/uploads/2025/05/oekumenischerKita-logo-150x150.png 150w" sizes="auto, (max-width: 310px) 100vw, 310px" /></a></figure>



<p style="font-size:16px"><strong>Ökum.Kindertagesstätte</strong></p>



<p style="font-size:16px"><strong>Haldener Kirchenmäuse</strong></p>



<p style="font-size:16px">Dümpelstraße 8</p>



<p style="font-size:16px">58093 Hagen</p>



<p style="font-size:16px">Fon: 02331/52916</p>



<p style="font-size:16px">Fax: 02331/</p>



<p style="font-size:16px"><a href="mailto:haldenerkirchenmaeuse@lydia-hagen.de">E-mail</a></p>



<p style="font-size:16px"><a href="https://www.lydia-hagen.de/kindertageseinrichtungen-1/haldener-kirchenmaeuse">Webseite</a></p>



<p style="font-size:16px">Ansprechpartnerin:</p>



<p style="font-size:16px">Kira Schellhorn</p>



<p style="font-size:16px">Öffnungszeiten:</p>



<p style="font-size:16px">Mo bis Fr: 7:00 bis 16:00</p>
</div>
</div>



<p></p>

<p>Kinderoase Tondernstraße Tondernstraße 24 58093 Hagen Fon: 02331/207 4830 Fax:&nbsp;02331/207 4839 E-mail Webseite Ansprechpartnerin: Ulrike Scholz Öffnungszeiten: Mo bis Fr: 7:00 bis 16:00 Bewegungs&#8211; Kindertagesstätte&#8211; Matthäus Lützowstrasse 118 58095 Hagen Fon: 02331/85256 Fax: 02331/6255940 E-mail Webseite Ansprechpartnerin: Katja Dahlbüdding Öffnungszeiten: Mo-Fr: 7:15 bis 16:15 Ökum.Kindertagesstätte Haldener Kirchenmäuse Dümpelstraße 8 58093 Hagen Fon: 02331/52916 Fax: 02331/ [&hellip;]</p>
